 is -14253 + 5?
-14247
In base 14, what is 3b - 84?
-47
In base 12, what is 357b - -5?
3584
In base 2, what is -1111000 - -100000?
-1011000
In base 5, what is 122 - -12?
134
In base 3, what is 110221 - 11?
110210
In base 4, what is 10 - 1?
3
In base 7, what is 0 + 3?
3
In base 10, what is -1 + 7?
6
In base 8, what is -165 - -5?
-160
In base 2, what is -1001 - 11000011?
-11001100
In base 7, what is 160 + -14?
143
In base 5, what is 10142 - 0?
10142
In base 13, what is 371 + 2?
373
In base 7, what is -312 + 2?
-310
In base 12, what is -1259 + 3?
-1256
In base 10, what is 0 - -60?
60
In base 4, what is 221 - -1?
222
In base 9, what is -8 + 41?
32
In base 13, what is -5 + -376?
-37b
In base 13, what is 1 + -5?
-4
In base 9, what is -5166 - -2?
-5164
In base 13, what is -2a3 - 6?
-2a9
In base 8, what is 1170 + -1?
1167
In base 4, what is -12202 + 2?
-12200
In base 12, what is -4 + -1234?
-1238
In base 11, what is 4 + 3?
7
In base 16, what is -38 - -4?
-34
In base 3, what is -11 + 21102?
21021
In base 7, what is 163 + 5?
201
In base 4, what is -301 + 0?
-301
In base 11, what is 1981 - -5?
1986
In base 12, what is 18a + -1?
189
In base 12, what is 4a - -11?
5b
In base 11, what is 1194 + 0?
1194
In base 14, what is -2 + -14c?
-150
In base 16, what is 4 + 3?
7
In base 9, what is 4373 - 4?
4368
In base 16, what is 45 - 0?
45
In base 3, what is -11 + -1111?
-1122
In base 7, what is 100551 - 3?
100545
In base 13, what is 44c4 + -4?
44c0
In base 13, what is -309 - 1?
-30a
In base 3, what is 2 - 10111120?
-10111111
In base 3, what is 12120211 - 10?
12120201
In base 8, what is -36263 - -5?
-36256
In base 6, what is 1504 - -5?
1513
In base 15, what is 40 - 0?
40
In base 4, what is -3102 - 0?
-3102
In base 12, what is 32 - -166?
198
In base 9, what is -6665 + 1?
-6664
In base 16, what is 9 + -26?
-1d
In base 5, what is -412 - 0?
-412
In base 9, what is -2 + -1207?
-1210
In base 14, what is 57 + -4?
53
In base 2, what is -101000001101 - -11?
-101000001010
In base 11, what is -95 - 0?
-95
In base 15, what is -b - -8d8?
8cc
In base 2, what is -10001101110 - 11?
-10001110001
In base 2, what is 11010000 + 101000?
11111000
In base 13, what is 108c - 3?
1089
In base 5, what is -10032 + -10?
-10042
In base 2, what is -11 - 1010101?
-1011000
In base 4, what is -130212 + -2?
-130220
In base 4, what is 110301 - 3?
110232
In base 14, what is 18 + 22?
3a
In base 9, what is 4 - -855?
860
In base 13, what is -11 + -39?
-4a
In base 14, what is 4 + -1c2?
-1bc
In base 6, what is 1 + -343?
-342
In base 15, what is -5 - -2a?
25
In base 14, what is -15 + -113?
-128
In base 10, what is -3 + -2172?
-2175
In base 11, what is 946 + 0?
946
In base 2, what is 11 + -10101100?
-10101001
In base 8, what is -2555 + 0?
-2555
In base 16, what is -1 - -a5?
a4
In base 9, what is -3 - 117?
-121
In base 14, what is bb4 + 0?
bb4
In base 5, what is -3 + 201?
143
In base 9, what is -121 + 223?
102
In base 6, what is -40 + 45?
5
In base 6, what is -1331 - -10?
-1321
In base 15, what is 233 + 1?
234
In base 12, what is 3 + -56a?
-567
In base 5, what is 23034 - 1?
23033
In base 9, what is -2 + -513?
-515
In base 8, what is -5 + -41?
-46
In base 13, what is 2a0 - -4?
2a4
In base 14, what is 4 + -56a?
-566
In base 15, what is 2 + 603?
605
In base 8, what is -66 + 1?
-65
In base 2, what is 10001111101100 - -1?
10001111101101
In base 11, what is -193 + 81?
-112
In base 7, what is -2321 + 30?
-2261
In base 10, what is 1 - -69?
70
In base 12, what is 979 - 0?
979
In base 2, what is -1 + -11100100000?
-11100100001
In base 15, what is 12 - 30?
-1d
In base 15, what is 19 + eb?
115
In base 13, what is -7 + 5?
-2
In base 16, what is -137 - -1?
-136
In base 13, what is 24 - -1?
25
In base 12, what is -31 + -14b?
-180
In base 14, what is 1 - 84?
-83
In base 10, what is 1 + -156?
-155
In base 3, what is 21122001 + -11?
21121220
In base 4, what is 13 - 12033?
-12020
In base 12, what is 9 - -17?
24
In base 5, what is 2 + -133?
-131
In base 13, what is 4ba - -3?
4c0
In base 12, what is 68 + 5?
71
In base 6, what is 3 + 3020?
3023
In base 8, what is 5 - 3210?
-3203
In base 14, what is 85 - 0?
85
In base 13, what is 8b4 + -7?
8aa
In base 5, what is 13 - -3344?
3412
In base 9, what is -1540 + -1?
-1541
In base 7, what is -11263 - 5?
-11301
In base 5, what is 2 - -412?
414
In base 11, what is 5 + 22?
27
In base 7, what is -441 + -2?
-443
In base 11, what is 397 + 2?
399
In base 4, what is -200 + -21100?
-21300
In base 16, what is 14 - -c3?
d7
In base 3, what is -1111 - 2?
-1120
In base 8, what is 21 + 262?
303
In base 2, what is -101 + -11?
-1000
In base 3, what is -210 + 2?
-201
In base 10, what is 0 - -314?
314
In base 8, what is -10 - -6716?
6706
In base 5, what is 4014 + 0?
4014
In base 4, what is 10033 - -11?
10110
In base 4, what is -12 - -2021?
2003
In base 15, what is -3c - -8?
-34
In base 16, what is -90b + -2?
-90d
In base 4, what is 10 + 211?
221
In base 9, what is 172 - 6?
165
In base 7, what is 1043 + -5?
1035
In base 15, what is -6 + -6b?
-72
In base 6, what is 5 + -10?
-1
In base 8, what is 43 - -37?
102
In base 2, what is 100 + -111001011101?
-111001011001
In base 15, what is 0 + -2b?
-2b
In base 9, what is -2 - -1062?
1060
In base 11, what is 1 - 32?
-31
In base 10, what is 1716 + -4?
1712
In base 4, what is -11 - 1203?
-1220
In base 10, what is -140 + 5?
-135
In base 16, what is -e - 3?
-11
In base 12, what is 20 - -1a?
3a
In base 3, what is -12 - 111210?
-111222
In base 4, what is -1003013 + -10?
-1003023
In base 3, what is 112 + 1020?
1202
In base 7, what is -14642 - 11?
-14653
In base 3, what is 2 - -120112?
120121
In base 16, what is 3 + -2?
1
In base 11, what is 1 + 17?
18
In base 13, what is -3 - 6b1?
-6b4
In base 16, what is -58 + e?
-4a
In base 6, what is 332 - 120?
212
In base 10, what is 1689 - 5?
1684
In base 13, what is -227 + 2?
-225
In base 4, what is 11 - 1330?
-1313
In base 9, what is -5 + 12?
6
In base 9, what is 11 + -5625?
-5614
In base 8, what is -3 - -77?
74
In base 12, what is -5 - 109?
-112
In base 3, what is -2002 - -22?
-1210
In base 10, what is 78 + 2?
80
In base 12, what is -a7 + 5b?
-48
In base 5, what is 2431 + 2?
2433
In base 2, what is -1100 - -10110?
1010
In base 14, what is 19 + 6?
21
In base 6, what is -5 + 2334?
2325
In base 6, what is -45 + 21?
-24
In base 11, what is 33 + 5?
38
In base 2, what is 111 + -10011?
-1100
In base 14, what is -c + -3?
-11
In base 8, what is 10151 + 0?
10151
In base 6, what is 1 + -454?
-453
In base 15, what is 3 - -8a?
8d
In base 7, what is 5 + -65?
-60
In base 12, what is -38 - -7?
-31
In base 4, what is -201232 - -3?
-201223
In base 14, what is -3 - 38?
-3b
In base 4, what is -200 + 3?
-131
In base 8, what is 406 - 15?
371
In base 10, what is -5 - 6?
-11
In base 11, what is -4 + 190?
187
In base 6, what is 50 + -4?
42
In base 3, what is 10 + 211212?
211222
In base 15, what is 0 - -16?
16
In base 3, what is -10210 - 12112?
-100022
In base 9, what is 4 - 60?
-55
In base 13, what is -13 + 0?
-13
In base 5, what is 2 - -20404?
20411
In base 10, what is -408 + 3?
-405
In base 8, what is -4 + 161?
155
In base 11, what is 5 + -5?
0
In base 13, what is 1c - -28?
47
In base 6, what is 4 + 30205?
30213
In base 13, what is -39 - 103?
-13c
In base 6, what is -5 - 5354?
-5403
In base 9, what is -3 - 1305?
-1308
In base 7, what is -2000 + -5?
-2005
In base 14, what is a - -332?
33c
In base 2, what is -10101 - -100?
-10001
In base 16, what is -3 + f?
c
In base 4, what is 223233 + -32?
223201
In base 10, what is 23 + -19?
4
In base 15, what is 28 - 80?
-57
In base 10, what is 3475 + 0?
3475
In base 13, what is 9 + -b6?
-aa
In base 11, what is 5 + -3a?
-35
In base 4, what is -1301 + -10?
-1311
In base 15, what is ea + 1?
eb
In base 5, what is -233 - 22?
-310
In base 5, what is -212 - -20?
-142
In base 16, what is -3d - -1?
-3c
In base 14, what is -423 + 4?
-41d
In base 6, what is -42 + -32?
-114
In base 9, what is 55072 - 0?
55072
In base 10, what is -2 - 29?
-31
In base 8, what is -24 - -230?
204
In base 11, what is 1 + -a26?
-a25
In base 8, what is -5 - 14345?
-14352
In base 8, what is -6061 - 4?
-6065
In base 7, what is 26 - 33?
-4
In base 13, what is 2b + -88?
-5a
In base 7, what is -5 + -442?
-450
In base 2, what is -1011010101 + 100?
-1011010001
